2. What is the highest common divisor of 347 and m?
1
Let c(s) = 17*s**2 - 5*s**2 + 10 - s**3 + 4*s**2 + 5*s**2. Let h be c(21). Let p = -57 - -87. Calculate the highest common divisor of h and p.
10
Suppose -4*n + 7 = -1. Let w(u) = -3*u**2 - 33*u + 37. Let v be w(-12). What is the greatest common divisor of n and v?
1
Let n(q) = 10*q**2 + 46*q + 146. Let z be n(-5). Calculate the highest common factor of 83 and z.
83
Let n be ((-5)/100*-5)/((-2)/(-48)). Suppose -4*f + 12 = 4. Calculate the highest common divisor of f and n.
2
Let q be (-44)/(-12)*(-12)/(-2). Let i = q + -21. Suppose 0 = -5*x - 3*r + 22, 3*x - i - 11 = -3*r. Calculate the highest common factor of 1 and x.
1
Suppose -d + v = 65, 0 = 2*d + 4*v + 114 + 22. Let l = d - -76. Calculate the highest common factor of 5 and l.
5
Let i = -2570 + 2654. Calculate the highest common factor of i and 4620.
84
Suppose 48*d - 46*d + 306 = 0. Let y = 285 + d. Calculate the greatest common divisor of y and 22.
22
Let v be (-1)/((-1)/(-1))*19. Let a = v - -23. Suppose 0 = a*l - 3*l - 35. What is the highest common divisor of l and 7?
7
Let g be ((-440)/35)/(14/(-49)). Calculate the highest common divisor of 77 and g.
11
Let s(w) = w**3 - 14*w**2 + 25*w - 10. Let r be s(19). What is the greatest common divisor of r and 10?
10
Suppose -w + 4 = -0*w. Let a be (-4)/1 - (-376)/w. Suppose 255 = 5*i + a. Calculate the greatest common factor of i and 11.
11
Let x(i) be the third derivative of 11*i**4/8 + 3*i**3/2 + 19*i**2. Let c be x(6). What is the greatest common divisor of 23 and c?
23
Suppose -4*z = -14*z - 120. Let r be z/(12/(-4)) + 2. Calculate the highest common factor of 66 and r.
6
Let a(u) = -31*u - 1. Let k be a(1). Suppose 5*q - d = 285, 4*q - 249 = 6*d - d. Let p = q + k. What is the highest common divisor of p and 192?
24
Suppose -y + 12 = 2*v - 3, 4*v = -4*y + 56. Suppose u - 361 = -4*k, -4*u = -0*k - 3*k + 285. What is the highest common divisor of y and k?
13
Let u(b) = b**3 + 12*b**2 + 16*b + 58. Let z be u(-11). Suppose -2*y = -j + 13, 0 = -3*j + 3*y + 2 + 22. What is the greatest common divisor of j and z?
3
Let m = 558 + -396. Suppose 0 = 5*z - 20, 4*l + 5*z + 31 - 107 = 0. Suppose -h + 4 = -l. Calculate the highest common divisor of h and m.
18
Suppose 36 = 4*q - 3*x, -2*q + 3*x + 30 = q. Let d = 66 - 126. Let n = d - -90. What is the highest common divisor of q and n?
6
Let d be (1/1 + -3)*-4. Suppose -5*w = -9 - 6. Let y(a) = 3*a**3 - a**2. Let u be y(w). What is the greatest common divisor of d and u?
8
Suppose l + l - 16 = -3*b, 2*b = 3*l - 11. Calculate the highest common divisor of l and 25.
5
Suppose 46*k - 53*k = -224. Calculate the greatest common divisor of k and 10.
2
Let z = -33 + 19. Let c be 0 + -2 - (1 + z). Suppose 33 = q + 4*m + c, 3*q - 4*m = 98. What is the highest common factor of q and 75?
15
Suppose -126 = -9*w + 3*w. Suppose 3*u + 7 = 4*u - 4*l, -4*l = -4*u + 28. Calculate the highest common factor of w and u.
7
Let r(v) = 5*v - 6. Let g(x) = 2*x - 3. Let a be g(4). Let p be r(a). Let n be 686/9 - 2/9. What is the highest common divisor of p and n?
19
Let t(c) be the third derivative of c**4/12 - c**3 + 27*c**2. Let v be t(19). What is the highest common factor of v and 16?
16
Let r be (15/6 + -1)/((-15)/(-30)). Let i(f) = -f**2 + 1. Let y be i(0). What is the greatest common divisor of r and y?
1
Suppose 2*v - 5*r - 16 = 0, r + 40 = 5*v + 6*r. Let k be ((-176)/v)/(-2 + 1 + 0). What is the highest common divisor of 11 and k?
11
Suppose 3*l + 39 = 3. Let j be 9/l - (-38)/8. Suppose -j*m + 2*s + 12 = 0, -m - 2*s + 5*s + 8 = 0. Calculate the highest common factor of m and 22.
2
Let r = -89 - -113. Let s be r*7*(-4)/(-42). Calculate the highest common divisor of s and 40.
8
Let u(z) = z**3 + 24*z**2 + 4. Let b be u(-24). Let x be (b + (-42)/9)*(-21)/2. Calculate the highest common factor of x and 56.
7
Suppose -90*r + 59*r + 5115 = 0. Calculate the greatest common factor of 30 and r.
15
Suppose 7*l - 3*l = -3*w + 26, 2*l - 48 = -5*w. Suppose 7*h - p + 18 = 9*h, 20 = 3*h + 5*p. What is the highest common divisor of h and w?
10
Let p be 5 + ((-91)/77 - (-2)/11). Suppose -2*f + 4*m = -0*f - 46, 0 = -2*f - p*m + 30. Calculate the greatest common factor of 38 and f.
19
Suppose -2*t + 1536 = 62*t. Calculate the greatest common divisor of t and 680.
8
Let j(s) be the second derivative of s**4/12 - 23*s**3/6 - 2*s**2 + 13*s. Let m be j(24). Calculate the greatest common factor of m and 50.
10
Suppose -5*z - i = -5523, -1116 = 3*z - 4*z - 4*i. Let n = z + -587. Calculate the greatest common factor of n and 47.
47
Suppose 9*u - 79 + 25 = 0. Suppose -u*b = -17*b + 88. Let w be (-32)/1*(-4)/2. Calculate the greatest common divisor of w and b.
8
Let t(s) = -5 + 5 + 0 + s**2 - 3 + 8*s. Let v be t(-10). Suppose 2*l = -3*q + 83, -4*l + 250 - 94 = 4*q. Calculate the highest common divisor of l and v.
17
Let w(s) = 7*s + 461. Let t be w(-3). Calculate the greatest common divisor of t and 16.
8
Let n(j) = 3*j + 5. Let y be n(-3). Let p be 62*(-6)/(144/15)*y. Calculate the highest common factor of p and 62.
31
Let o be (-2)/3 - (-2 + (-8)/(-6)). Suppose o = -3*t + 5*t, 0 = 3*k + 3*t - 231. Calculate the highest common divisor of k and 22.
11
Let q be (-1 - (-33)/9)/((-22)/(-1353)). Calculate the greatest common divisor of 41 and q.
41
Let l be -1*((-1 - -2)*-3 + -132). Calculate the highest common divisor of l and 27.
27
Let k = 449 + -224. Let o(x) = -4*x - 49. Let f be o(-13). Suppose k + 30 = f*q. Calculate the greatest common factor of q and 17.
17
Let j = -192 - -648. What is the highest common divisor of j and 24?
24
Let r be 2/(-2) - (2 - 155). Suppose -4*l = -7 + 19. Let m be (24 + 12/(-4) - -1) + l. What is the highest common divisor of r and m?
19
Let y be (46 - (-5 - -3))/(-1 + 3). Calculate the highest common factor of 120 and y.
24
Let n be (-81 + 74)*-3*3. What is the greatest common divisor of n and 288?
9
Let v(l) = -5*l**2 - 11*l + 7*l**2 - 1 + 13*l + 4*l**2. Let s be v(2). Let g = s - 14. Calculate the greatest common divisor of g and 117.
13
Let d = 156 - 60. Suppose 3*w + 156 = -108. Let z = w - -152. Calculate the greatest common divisor of d and z.
32
Suppose -14*i = -38 - 116. Calculate the highest common divisor of 341 and i.
11
Suppose 4*s + 5*c = -1095, -284 - 271 = 2*s - 5*c. Let t be (-11 - (0 - 1))/(11/s). Calculate the highest common divisor of 50 and t.
50
Suppose -4*f + 644 = 4*j, 0 = j + 4*j + 2*f - 802. Let b = j + -50. Calculate the greatest common divisor of 10 and b.
10
Let x be 1/((28/(-144))/(-7)). Suppose -450 = -10*m + 5*m. Calculate the greatest common divisor of x and m.
18
Suppose -317 = -3*m - 29. Let r be (-45)/6*4/(-5). Let k(l) = 3*l - 6. Let n be k(r). Calculate the highest common factor of m and n.
12
Let v = 2106 + -2017. What is the greatest common divisor of v and 2?
1
Suppose -2*a + 12 = 2*a. Suppose -3*l + 4*u = l - 24, -2*l + 17 = a*u. Let k be l/(28/24) + 2. Calculate the greatest common divisor of 8 and k.
8
Let c(q) = -q**2 + q + 1. Let w be c(-1). Let k = 14 - 24. Let x be (w - k*13) + -3. Calculate the highest common divisor of 14 and x.
14
Suppose -2*k - 2*k = -7*k. Suppose j + 5*j - 60 = k. What is the highest common factor of j and 5?
5
Suppose -13*a + 1422 = -2166. What is the highest common divisor of a and 36?
12
Let g = -1381 + 1390. Let i be 1/4 - (-428)/16. What is the highest common factor of i and g?
9
Let s = 179 - 172. Calculate the highest common divisor of s and 287.
7
Suppose 15*t = -131 + 161. Calculate the greatest common divisor of 7 and t.
1
Let g be 1/9 + (-17920)/(-315). What is the highest common factor of 19 and g?
19
Let n = -247 - -471. What is the highest common factor of 14 and n?
14
Let m(k) = k - 6. Let n be m(6). Suppose 21 = -d + 17. Let p be 4 - 24/(n + d). What is the highest common factor of p and 40?
10
Let r = -58 - -17. Let b = r + 122. What is the greatest common factor of b and 9?
9
Let g = 443 - -46. Suppose -2*s = 3*l - 338, 6*l - g = 2*l + 5*s. Suppose -l = -4*r + 52. What is the greatest common divisor of r and 63?
21
Let w(l) = 4*l**2 + 40*l + 174. Let c be w(-4). Calculate the highest common divisor of c and 546.
78
Suppose 2*u + 3*g = 6794, -u + 0*g = -4*g - 3408. Let x 